(m) = 2*m**3 - 203*m**2 - 4712*m - 830. Determine r(121).
17
Let w(u) = 314*u + 6463. What is w(-20)?
183
Let v(j) = -152*j**2 - 78*j + 225. Determine v(3).
-1377
Let z(c) = 24*c**2 + 887*c - 913. What is z(-38)?
37
Let l(c) = 75085*c + 4. Give l(0).
4
Let w(g) = 4406*g - 38506. What is w(10)?
5554
Let r(k) = -6105*k - 30540. Give r(-5).
-15
Let x(p) = 14*p**2 + 14*p - 122. Calculate x(-11).
1418
Let s(o) = 3*o**2 - 91*o - 876. What is s(36)?
-264
Let x(j) = 2*j**3 - 79*j**2 - 84*j + 1749. Determine x(40).
-11
Let g(j) = 105*j - 1437. Calculate g(26).
1293
Let s(h) = -2*h**3 + h**2 + 17*h + 26. Calculate s(-3).
38
Let l(o) = -o**3 + 7*o**2 + 788*o - 1497. Calculate l(-26).
323
Let w(i) = -40083*i + 441040. Determine w(11).
127
Let w(x) = -x**3 + 2*x**2 + 181*x + 751. Calculate w(-10).
141
Let d(v) = -1523*v - 3648. What is d(-2)?
-602
Let v(i) = -14*i**2 + 165*i + 1411. What is v(18)?
-155
Let v(a) = 98956*a - 4255119. Calculate v(43).
-11
Let f(a) = a**3 - 23*a**2 - 138*a + 2249. Calculate f(17).
-1831
Let l(w) = -94*w - 32. What is l(0)?
-32
Let c(i) = i**3 - 223*i**2 + 4571*i - 29950. What is c(201)?
-1
Let u(v) = -2994*v + 38981. Calculate u(13).
59
Let x(i) = 17*i**3 - 2*i**2 - 196*i - 595. What is x(-3)?
-484
Let v(h) = 5137*h - 52233. Give v(10).
-863
Let t(m) = -17*m**2 - 255*m + 188233. Determine t(-113).
-25
Let z(w) = w**3 - 18*w**2 + 70*w - 467. Determine z(15).
-92
Let a(h) = -9*h**3 + 523*h**2 - 1052*h - 108. Give a(56).
564
Let d(q) = 2*q**2 + 295*q + 6410. Give d(-22).
888
Let l(a) = a**3 - 16*a**2 - 5*a - 203. Determine l(16).
-283
Let l(i) = i**3 - 47*i**2 + 290*i - 476. Give l(3).
-2
Let s(u) = -41*u**2 + 259*u - 1816. What is s(7)?
-2012
Let w(a) = 4187*a**2 - 150733*a + 9. Give w(36).
-27
Let d(r) = 7*r**3 - 178*r**2 - 973*r + 84. Calculate d(30).
-306
Let y(r) = -3*r**3 + 26*r**2 - 165*r + 1499. Determine y(9).
-67
Let n(l) = 147*l**3 + l**2 + 4*l + 17. What is n(-2)?
-1163
Let b(q) = -1694*q - 42440. What is b(-25)?
-90
Let y(r) = -4*r**3 - 91*r**2 - 84*r - 2082. Determine y(-23).
379
Let f(a) = -a**2 - 435*a + 22809. What is f(47)?
155
Let j(y) = y**3 + 3*y**2 + 113*y - 83. Give j(-13).
-3242
Let t(v) = -3942*v + 31526. Determine t(8).
-10
Let t(y) = 15*y**3 - 4814*y**2 - 341*y + 6427. What is t(321)?
7
Let x(i) = i**3 - 547*i**2 + 4844*i - 1163. Determine x(538).
-87
Let t(w) = w**2 - 1593*w + 100647. What is t(66)?
-135
Let w(d) = -5*d**3 + d**2 - 774*d + 1556. Give w(2).
-28
Let o(q) = q**3 + 723*q**2 - 3569*q + 51685. Give o(-728).
-3
Let f(a) = 93*a**2 - 13259*a - 19157. What is f(144)?
-5
Let t(o) = 48*o**3 + 38*o + 134. Give t(-3).
-1276
Let s(x) = -2*x**3 + x**2 - 528*x - 5. What is s(0)?
-5
Let z(w) = -4*w**2 + 1643*w - 75518. Determine z(358).
20
Let x(j) = -18828*j + 1223831. Give x(65).
11
Let r(q) = -4*q**3 - 182*q**2 - 108*q - 795. Calculate r(-45).
15
Let m(g) = -g**3 - 504*g**2 - 1108*g - 304319. What is m(-503)?
-4
Let p(d) = -8*d**2 + 26*d + 281. Determine p(-7).
-293
Let d(c) = -8*c**3 - 36*c**2 - c - 18. Give d(0).
-18
Let b(l) = -52278*l + 418370. Give b(8).
146
Let y(s) = -360*s**2 + 2078*s + 481. What is y(6)?
-11
Let x(y) = 202*y + 16202. What is x(-80)?
42
Let p(z) = 5*z**2 + 655*z - 5609. Calculate p(-139).
-49
Let d(x) = 31858*x - 286353. What is d(9)?
369
Let q(m) = -5932*m + 77159. Give q(13).
43
Let k(h) = 1269*h - 46053. Determine k(37).
900
Let a(c) = 3*c**2 - 1996*c + 108925. Calculate a(60).
-35
Let b(s) = -560*s + 10729. Calculate b(19).
89
Let f(s) = -1081*s**3 + 4*s**2 + 1293*s - 1292. Give f(1).
-1076
Let n(k) = -1045*k**2 + 7319*k - 34. Determine n(7).
-6
Let u(h) = 30*h**2 - 31. Calculate u(-1).
-1
Let g(b) = -2*b**2 - 24*b + 146. Determine g(-13).
120
Let d(b) = -59547*b - 1190944. Determine d(-20).
-4
Let s(a) = -a**3 + 13*a**2 - 96. What is s(8)?
224
Let t(o) = -91310*o - 1369626. What is t(-15)?
24
Let p(a) = -a**2 - 229*a + 55328. Calculate p(147).
56
Let t(x) = -6*x**3 + 38*x**2 - 393*x + 1713. What is t(5)?
-52
Let u(a) = 498*a - 27600. Calculate u(54).
-708
Let s(g) = -112*g**3 - 10*g**2 + 22*g - 46. Determine s(2).
-938
Let c(j) = -133*j**3 - 2525*j**2 + 51*j + 260. What is c(-19)?
13
Let y(a) = a**3 + 47*a**2 + 26*a - 975. Determine y(-46).
-55
Let j(f) = -9271*f - 194598. Give j(-21).
93
Let p(s) = -25621*s - 112. Give p(0).
-112
Let f(m) = 336*m - 13692. Determine f(45).
1428
Let l(d) = -3*d**2 + 62097*d + 1678822. Give l(-27).
16
Let p(u) = -13*u + 493. Determine p(11).
350
Let y(z) = 21*z**2 + 1129*z + 946. Calculate y(-54).
1216
Let d(l) = -91632*l - 7147322. Determine d(-78).
-26
Let f(j) = -231*j**2 - 64448*j + 272. Give f(-279).
-7
Let k(m) = -361*m**2 - 55947*m + 1243. Determine k(-155).
3
Let t(w) = 454*w**2 + 87*w + 19. Determine t(-1).
386
Let d(x) = -435*x - 83982. Calculate d(-193).
-27
Let a(y) = -214*y + 18960. Determine a(89).
-86
Let j(a) = 691245*a + 4838710. Determine j(-7).
-5
Let b(t) = 4*t + 2185. Give b(-42).
2017
Let c(r) = 389*r + 1402. Calculate c(-4).
-154
Let x(a) = 5*a**2 - 1693*a - 36108. Give x(-20).
-248
Let v(q) = 1859*q - 29597. Give v(16).
147
Let m(s) = s**3 + 106*s**2 + 181*s - 2769. Give m(-104).
39
Let u(a) = -a**3 + 169*a**2 - 713*a + 8746. What is u(165)?
1
Let c(a) = 2979*a - 5993. Give c(2).
-35
Let b(r) = 24*r**3 + 18*r**2 - 3*r + 6. Determine b(-2).
-108
Let v(n) = n**3 + 403*n**2 - 3294*n - 2475. What is v(-411)?
-9
Let c(s) = s**3 - 395*s**2 + 6418*s + 3197. Determine c(378).
173
Let f(j) = -2*j**2 - 255*j - 8247. Give f(-52).
-395
Let c(k) = k**2 + 313*k - 76187. What is c(161)?
127
Let t(c) = -9*c**3 - 3563*c**2 + 4011*c + 16269. Determine t(-397).
-8
Let a(j) = 143*j**2 + 32*j - 39. Give a(-5).
3376
Let m(r) = -r**3 - 52*r**2 + 59*r + 320. What is m(-53)?
2
Let a(d) = -1250*d - 426502. Calculate a(-341).
-252
Let j(m) = m**3 - 799*m**2 - 846*m + 36698. What is j(800)?
-102
Let p(q) = -4*q**2 + 4556*q + 527875. Determine p(-106).
-5
Let p(v) = 600*v**2 - 3019*v + 23. Determine p(5).
-72
Let f(y) = -y**3 - 2209*y**2 + 46905*y - 1564. Give f(21).
11
Let j(s) = -59*s**2 - 1025*s - 3875. Calculate j(-13).
-521
Let p(m) = -15*m**2 - 2202*m - 981. What is p(-147)?
-1422
Let f(k) = 5857152*k - 35142921. Calculate f(6).
-9
Let z(m) = -34*m**3 - 55*m**2 - 233*m + 10. What is z(-4)?
2238
Let t(s) = -2*s**3 - 11*s**2 + 8*s - 15. Give t(-6).
-27
Let q(v) = 4*v**3 + 245*v**2 + 3401*v + 44. Give q(-40).
4
Let k(r) = 2*r**2 + 597*r + 9826. Calculate k(-281).
-9
Let z(n) = -42*n - 400. Determine z(-15).
230
Let p(t) = 391*t + 3387. Calculate p(4).
4951
Let x(g) = -g**3 + 267*g**2 + 2186*g + 3833. Calculate x(275).
-17
Let v(u) = 420*u**2 + 220468*u - 16802. What is v(-525)?
-2
Let b(o) = -36*o**2 + 49*o - 303. Determine b(9).
-2778
Let m(d) = -212338*d - 212405. Calculate m(-1).
-67
Let u(a) = -98*a + 94. Calculate u(3).
-200
Let c(x) = -x**3 - 180*x**2 - 256*x - 147329. Determine c(-183).
-14
Let o(p) = -10*p**2 - 85*p - 34. What is o(10)?
-1884
Let p(u) = -u**2 + 72*u - 971. What is p(17)?
-36
Let x(d) = -123161*d + 1477940. Determine x(12).
8
Let p(u) = -108*u + 7729. Determine p(74).
-263
Let g(s) = 1151*s - 15049. Calculate g(13).
-86
Let j(u) = u**3 + 263*u**2 + 6406*u + 8088. What is j(-236)?
64
Let c(m) = 1749*m - 24471. Determine c(14).
15
Let z(s) = -8*s**2 - 2964*s + 10487. Determine z(-374).
15
Let l(p) = -159*p**3 + 156*p**2 - 41*p + 41. Determine l(1).
-3
Let a(n) = 458*n + 73738. Calculate a(-161).
0
Let s(o) = -9041*o - 81361. Determine s(-9).
8
Let f(o) = -o**2 + 577*o - 77828. Calculate f(367).
-758
Let h(o) = 65*o**3 - 411*o**2 + 122*o + 23. Determine h(6).
-1
Let x(f) = 17212*f + 86056. Give x(-5).
-4
Let l(i) = 2*i**2 - 84. Calculate l(-28).
1484
Let q(r) = 107402*r + 214832. What is q(-2)?
28
Let s(y) = -4*y**2 + 703*y - 2411. Determine s(172).
169
Let s(q) = 72188*q - 288443. Give s(4).
309
Let r(m) = -29189*m - 233326. Determine r(-8).
186
Let j(r) = 26834*r + 375673. Determine j(-14).
-3
Let f(g) = 4685*g + 116716. Give f(-25).
-409
Let n(j) = -j**2 - 103*j + 26069. Determine n(-221).
-9
Let q(y) = -y**3 + 225*y**2 + 3351*y + 34. Calculate q(-14).
-36
Let t(p) = 11*p**2 + 3529*p + 135. Calculate t(-321).
777
Let w(u) = -18*u**2 + 330*u + 16. Give w(7).
1444
Let x(d) = 42*d**3 - 2351*d**2 - 129*d + 110. Deter